 v(-6). Calculate the highest common factor of n and h.
17
Let i = 302 + -127. Calculate the greatest common factor of 35 and i.
35
Let d be 3 + (-3)/(-2)*2. Let a be (46/69)/((-1)/(-18)). Let w be d/(-2) - (-420)/a. Calculate the highest common divisor of w and 80.
16
Let f(x) = x**3 + 22*x**2 + 14*x + 26. Let u be f(-21). Let t = -41 + u. What is the highest common factor of t and 44?
44
Let m = -4 - -6. Let o(t) = 3*t**2. Let u be o(m). Let h = 67 + 65. What is the highest common divisor of u and h?
12
Suppose -8 - 24 = -2*z. Let k = -2 + z. Suppose 0 = u - 0*u - k. Calculate the highest common factor of u and 21.
7
Let c = -688 - -336. Let h be c/(-33)*18/8. Calculate the highest common factor of h and 40.
8
Let c = 745 + -743. What is the greatest common divisor of c and 75?
1
Suppose -3*k + 3*w + 2016 = 0, 13 = -2*k + 5*w + 1357. What is the greatest common divisor of k and 28?
28
Suppose -42 = 2*h - 6*h + 2*k, k = -3*h + 19. Let v = 139 - 75. What is the greatest common factor of v and h?
8
Suppose 17*c = 401 + 177. Calculate the highest common factor of c and 4.
2
Let x(a) = 2*a**3 + 27*a**2 - 9*a - 17. Let v be x(-9). Calculate the greatest common divisor of v and 61.
61
Suppose -3*j - 4*l = -80, 2*l = -3*j - l + 84. Let b = j - 56. Let s be 7/(-2)*b/14. Calculate the greatest common factor of s and 18.
6
Let h = -49 - -55. Suppose -4*y + 2150 = h*y. Calculate the greatest common divisor of 86 and y.
43
Let x = 110 - 108. Let a = 3 + 5. What is the greatest common factor of x and a?
2
Suppose -4*c = -2*n + 8, 4*n = -0*n + 4*c + 12. Let d be 9/3 + 1*(99 - n). Calculate the greatest common factor of d and 25.
25
Let w be 14/(-3)*(-459)/102. Calculate the highest common factor of 1407 and w.
21
Let g(t) = -91*t + 271. Let q be g(1). Suppose 5*z + 0*z = 5*m - 65, 0 = -4*m - 4*z + 68. Calculate the greatest common factor of q and m.
15
Let m be 38/19 + -2*1 - -66. Let a = -37 - -59. Calculate the highest common factor of a and m.
22
Let w(v) = 2*v - 2. Let z be w(2). Suppose z*f - 2 = -4*o - 6, -2*o + f + 2 = 0. Suppose 13*j - 8*j - 160 = o. What is the greatest common divisor of j and 80?
16
Let t = 31 - -341. Calculate the highest common factor of 12 and t.
12
Let v = 62 - 63. Let j be 3/9 - (76/(-6) + v). What is the highest common divisor of j and 56?
14
Suppose -6*o + 14*o = 664. Suppose -3*p + 4 = -o. What is the greatest common divisor of 232 and p?
29
Let u be (304/6)/(2/3). Suppose 0 = 3*o - x + u, 0*o - 5*o - 5*x = 100. Let f be o/9*21/(-1). What is the highest common factor of 14 and f?
14
Let w be (90/(-4))/(3/(-4)). Suppose -8*m - 4*n - 160 = -10*m, -4*n = 5*m - 470. Calculate the highest common divisor of m and w.
30
Let b(j) = 2*j**2 + 27*j + 16. Let a be b(-13). Let i be a*(-1)/((-9)/3) - -48. What is the highest common divisor of 49 and i?
49
Suppose 0 = -46*u - 13*u + 2596. Let x(m) = -8*m**3 - 2*m - 2. Let b be x(-2). Calculate the highest common divisor of u and b.
22
Let h be 20/50 + (-3912)/(-20). What is the highest common factor of 28 and h?
28
Let f(d) = 6*d**2 + d - 1. Let w be f(1). Suppose 12 = c + 3*c. Suppose -c*j + q = -55 - 69, -2*j + 4*q + 76 = 0. What is the highest common factor of j and w?
6
Suppose 0 = -4*k + 2*m - 1516 + 6618, 5*k + 3*m = 6372. Suppose 14*x - k = 1343. Calculate the greatest common factor of 17 and x.
17
Suppose 25*r - 27*r = 0. Suppose n + 1 = 2*i - i, -4*n + 4 = r. Let y be 31 - (6/1)/i. Calculate the highest common factor of 308 and y.
28
Let u(s) = -s**2 - 7*s + 5. Let b be u(-7). Let c(g) = g**3 - 3*g**2 - g + 3. Let h be c(b). Let t = h + -34. What is the greatest common factor of 14 and t?
14
Let o(b) = 11*b + 172. Let u be o(-7). Calculate the greatest common factor of 76 and u.
19
Let o(s) = 470*s + 36. Let l be o(2). What is the highest common factor of l and 16?
16
Let m be 8/6 + (-90)/(-54). Suppose -80 = -m*s + s. Calculate the highest common factor of s and 100.
20
Let j be (9 - 3)*6/9. Suppose -5*p = -5, j = -l - 2*p - 5. Let d be (-1*4)/(l/55). What is the greatest common divisor of d and 30?
10
Let k be 4/2 - (-3 - -1). Suppose -z = 3 - k. Let b(n) = n**3 + 5*n**2 - 6*n + 8. Let a be b(-6). What is the greatest common divisor of z and a?
1
Let q(n) be the third derivative of n**6/120 - n**5/15 + n**4/6 + n**3/6 - 8*n**2. Let l be q(3). Calculate the greatest common divisor of l and 5.
1
Suppose -2*v + 18811 = 1961. Let f be (-2)/11 - v/(-55). What is the greatest common divisor of 17 and f?
17
Let b be (-16)/(-12)*(-315)/2. Let t = -63 - b. What is the highest common divisor of t and 49?
49
Let i = -1178 + 1233. What is the highest common divisor of 77 and i?
11
Let z be 3/(-5) - (-5)/25*593. What is the highest common factor of z and 1298?
118
Let h(q) = 2*q**2 + 21*q - 11. Let m be h(-11). Suppose -b = -m*b - 13. Calculate the highest common factor of 91 and b.
13
Let f(b) = 2*b + 19. Let x be f(-8). Let p = x + 9. Calculate the greatest common factor of 60 and p.
12
Let t = -1 + 4. Suppose -y - t*g = -52, 3*g - 68 = -y + 4*g. What is the highest common factor of y and 16?
16
Let k(i) = 2*i**2 + 6*i. Let t(c) = -c. Let x be t(4). Let j be k(x). What is the greatest common divisor of j and 32?
8
Suppose -10*r + 11*r = -n + 54, 3*r = -5*n + 266. Calculate the highest common factor of n and 16.
4
Let h be 7*(2*(-3)/6 + 32). Calculate the greatest common factor of 62 and h.
31
Let f be (-6 + 2)/(-2) - -10. Let s = f + -9. Let k(n) = -n**3 + 5*n + 5. Let g be k(-2). What is the highest common divisor of g and s?
3
Let z = -12 - -17. Let l(j) = -j**3 - 11*j**2 - 10*j - 10. Let p be l(-10). Let q = p + 25. Calculate the greatest common factor of q and z.
5
Suppose 2*d + 5*g - 39 = 16, -3*g = 4*d - 103. Suppose -13*k + d = -14. What is the greatest common factor of 24 and k?
3
Let x = 32 + 63. Calculate the highest common factor of 5 and x.
5
Let y be (-4)/(-18) - 102/(-27). Suppose -4*o - u = o - 48, y*u = 2*o - 28. Calculate the highest common divisor of 20 and o.
10
Suppose -86 = -2*l + 3*x - 6, 0 = -l + 3*x + 40. Let c = 7 - -3. What is the greatest common divisor of c and l?
10
Let l = 21 + 67. Let h = -18 - -22. Suppose -4*r - 40 = -3*o - 4, -h*r = 5*o - 28. Calculate the greatest common factor of o and l.
8
Suppose -9*v + 24 + 30 = 0. Let u be (-8)/v*((-1)/4 + -2). Calculate the greatest common factor of 6 and u.
3
Let r be (-2 + -2)/((-2)/5). Let i(j) = 3*j - 3. Let o be i(-6). Let w = o + 31. What is the greatest common divisor of r and w?
10
Suppose 8*d = -2*d + 4810. What is the highest common divisor of 37 and d?
37
Let d = 6 + 12. Let t(m) = m**2 - 9*m - 22. Let u be t(11). Suppose 2*s + 0 - 54 = u. Calculate the greatest common factor of d and s.
9
Let v be (15/(-30))/((-2)/8). Let u be ((-364)/26)/((-4)/(0 + v)). Let i be -14*(-3 + -1)/1. Calculate the highest common factor of i and u.
7
Let z be 3 + -4 - (3 - 9). What is the highest common divisor of z and 250?
5
Suppose -1131 = -3*i - 5*k + 98, -2*i + 812 = -4*k. What is the highest common factor of 96 and i?
24
Let m(c) = 2*c - 8. Let a = -5 + 10. Let i be 42/a + (-12)/30. Let x be m(i). Calculate the highest common factor of 88 and x.
8
Suppose 0 = -9*b - 27 + 207. What is the greatest common factor of 32 and b?
4
Let r be (282/(8 - 5))/(-1). Let y = r - -166. Calculate the greatest common factor of y and 9.
9
Let f = -53 + 74. Suppose -23*i = -f*i - 38. What is the greatest common divisor of i and 19?
19
Suppose 5*i - 15 = 0, -4*x - i - 33 = -x. Let q = -3 - x. What is the greatest common factor of 18 and q?
9
Suppose 455 = -g + m + 499, -5*g = 2*m - 192. Calculate the highest common divisor of g and 780.
20
Let t(i) = 5*i + 5*i**2 + 3 + 0*i**2 - 4*i**2. Suppose 5*u + 23 = -2*s, 4*u + 17 = -0*s - 3*s. Let r be t(u). What is the greatest common factor of 9 and r?
3
Suppose 2 = 2*w - 2*r + 40, -5*w = -3*r + 101. Suppose -183*d + 2 = -185*d. Let t be -10*(d - w/(-4)). What is the greatest common divisor of t and 13?
13
Let h(x) = 14*x**3 - 10*x + 10. Let w be h(1). Suppose -5*s + 1186 = 2*b, 5*s - 1194 = 2*b - 0*b. Calculate the highest common factor of w and s.
14
Let d be -2*2/(-4) - -11. Suppose v - 8*a + 12*a - 84 = 0, 0 = -2*a. What is the highest common divisor of d and v?
12
Let q(y) = -73*y + 4.